{"id":1038,"date":"2025-05-12T19:46:00","date_gmt":"2025-05-12T19:46:00","guid":{"rendered":"https:\/\/cefeeduca.com.br\/cursos\/?post_type=product&#038;p=1038"},"modified":"2025-09-17T19:34:52","modified_gmt":"2025-09-17T19:34:52","slug":"tecnico-em-administracao","status":"publish","type":"product","link":"https:\/\/cefeeduca.com.br\/cursos\/curso\/tecnico-em-administracao\/","title":{"rendered":"T\u00e9cnico em Administra\u00e7\u00e3o"},"content":{"rendered":"<table>\n<tbody>\n<tr>\n<td colspan=\"9\" width=\"667\"><strong>\u00a0<\/strong><\/td>\n<\/tr>\n<tr>\n<td width=\"149\"><strong>MODULOS<\/strong><\/td>\n<td colspan=\"5\" width=\"319\"><strong>DISCIPLINA<\/strong><\/td>\n<td width=\"60\"><strong>CH**<\/strong><\/td>\n<td width=\"70\"><strong>CH PRES*<\/strong><\/td>\n<td width=\"69\"><strong>CH TOTAL<\/strong><\/td>\n<\/tr>\n<tr>\n<td rowspan=\"5\" width=\"149\"><strong>\u00a0<\/strong><\/p>\n<p><strong>\u00a0<\/strong><\/p>\n<p><strong>M\u00d3DULO I<\/strong><\/p>\n<p><strong>Fundamenta\u00e7\u00e3o<\/strong><\/td>\n<td colspan=\"5\" width=\"319\">Teoria da Administra\u00e7\u00e3o<\/td>\n<td width=\"60\">63<\/td>\n<td width=\"70\">10<\/td>\n<td rowspan=\"3\" width=\"69\"><\/td>\n<\/tr>\n<tr>\n<td colspan=\"5\" width=\"319\">Administra\u00e7\u00e3o Financeira<\/td>\n<td width=\"60\">63<\/td>\n<td width=\"70\">10<\/td>\n<\/tr>\n<tr>\n<td colspan=\"5\" width=\"319\">Recrutamento e Sele\u00e7\u00e3o<\/td>\n<td width=\"60\">63<\/td>\n<td width=\"70\">10<\/td>\n<\/tr>\n<tr>\n<td colspan=\"5\" width=\"319\">Administra\u00e7\u00e3o Aplicada \u00e0 Gest\u00e3o Empresarial<\/td>\n<td width=\"60\">63<\/td>\n<td width=\"70\">10<\/td>\n<td width=\"69\"><\/td>\n<\/tr>\n<tr>\n<td colspan=\"5\" width=\"319\"><strong>TOTAL CARGA HOR\u00c1RIA M\u00d3DULO I<\/strong><\/td>\n<td width=\"60\"><strong>252<\/strong><\/td>\n<td width=\"70\"><strong>40<\/strong><\/td>\n<td width=\"69\"><strong>292<\/strong><\/td>\n<\/tr>\n<tr>\n<td rowspan=\"5\" width=\"149\"><strong>\u00a0<\/strong><\/p>\n<p><strong>\u00a0<\/strong><\/p>\n<p><strong>\u00a0<\/strong><\/p>\n<p><strong>M\u00d3DULO II<\/strong><\/p>\n<p><strong>T\u00e9cnico<\/strong><\/td>\n<td colspan=\"5\" width=\"319\">Administra\u00e7\u00e3o e Vendas<\/td>\n<td width=\"60\">63<\/td>\n<td width=\"70\">10<\/td>\n<td rowspan=\"4\" width=\"69\"><\/td>\n<\/tr>\n<tr>\n<td colspan=\"5\" width=\"319\">Marketing Digital<\/td>\n<td width=\"60\">63<\/td>\n<td width=\"70\">10<\/td>\n<\/tr>\n<tr>\n<td colspan=\"5\" width=\"319\">Legisla\u00e7\u00e3o Trabalhista e Previdenci\u00e1ria<\/td>\n<td width=\"60\">63<\/td>\n<td width=\"70\">10<\/td>\n<\/tr>\n<tr>\n<td colspan=\"5\" width=\"319\">Din\u00e2micas nas Rela\u00e7\u00f5es Humanas e Lideran\u00e7as<\/td>\n<td width=\"60\">63<\/td>\n<td width=\"70\">10<\/td>\n<\/tr>\n<tr>\n<td colspan=\"5\" width=\"319\"><strong>TOTAL CARGA HOR\u00c1RIA M\u00d3DULO II<\/strong><\/td>\n<td width=\"60\"><strong>252<\/strong><\/td>\n<td width=\"70\"><strong>40<\/strong><\/td>\n<td width=\"69\"><strong>292<\/strong><\/td>\n<\/tr>\n<tr>\n<td rowspan=\"5\" width=\"149\"><strong>\u00a0<\/strong><\/p>\n<p><strong>\u00a0<\/strong><\/p>\n<p><strong>M\u00d3DULO III<\/strong><\/p>\n<p><strong>Complementar<\/strong><\/td>\n<td colspan=\"5\" width=\"319\">Gest\u00e3o por Compet\u00eancias<\/td>\n<td width=\"60\">63<\/td>\n<td width=\"70\">10<\/td>\n<td rowspan=\"3\" width=\"69\"><\/td>\n<\/tr>\n<tr>\n<td colspan=\"5\" width=\"319\">Economia e Mercado<\/td>\n<td width=\"60\">63<\/td>\n<td width=\"70\">10<\/td>\n<\/tr>\n<tr>\n<td colspan=\"5\" width=\"319\">Gest\u00e3o de Neg\u00f3cios Internacionais<\/td>\n<td width=\"60\">63<\/td>\n<td width=\"70\">10<\/td>\n<\/tr>\n<tr>\n<td colspan=\"5\" width=\"319\">Administra\u00e7\u00e3o para Micro e M\u00e9dias Empresas<\/td>\n<td width=\"60\">63<\/td>\n<td width=\"70\">10<\/td>\n<td width=\"69\"><\/td>\n<\/tr>\n<tr>\n<td colspan=\"5\" width=\"319\"><strong>TOTAL CARGA HOR\u00c1RIA M\u00d3DULO III<\/strong><\/td>\n<td width=\"60\"><strong>252<\/strong><\/td>\n<td width=\"70\"><strong>40<\/strong><\/td>\n<td width=\"69\"><strong>292<\/strong><\/td>\n<\/tr>\n<tr>\n<td width=\"149\"><strong>M\u00d3DULO IV<\/strong><\/td>\n<td colspan=\"5\" width=\"319\">Estudo Dirigido<\/td>\n<td width=\"60\">10<\/td>\n<td width=\"70\"><strong>40<\/strong><\/td>\n<td width=\"69\"><strong>50<\/strong><\/td>\n<\/tr>\n<tr>\n<td width=\"149\"><strong>CARGA\u00a0\u00a0\u00a0\u00a0 HORARIA ADMINISTRA\u00c7\u00c3O<\/strong><\/td>\n<td width=\"79\"><strong>TOTAL<\/strong><\/td>\n<td width=\"42\"><strong>DO<\/strong><\/td>\n<td width=\"73\"><strong>CURSO<\/strong><\/td>\n<td width=\"86\"><strong>T\u00c9CNICO<\/strong><\/td>\n<td width=\"40\"><strong>EM<\/strong><\/td>\n<td width=\"60\"><strong>766<\/strong><\/td>\n<td width=\"70\"><strong>160<\/strong><\/td>\n<td width=\"69\"><strong>926<\/strong><\/td>\n<\/tr>\n<\/tbody>\n<\/table>\n","protected":false},"excerpt":{"rendered":"<p>Desenvolva as habilidades essenciais para gerenciar e otimizar processos em qualquer tipo de organiza\u00e7\u00e3o. No curso T\u00e9cnico em Administra\u00e7\u00e3o, voc\u00ea aprender\u00e1 sobre finan\u00e7as, log\u00edstica, marketing e gest\u00e3o de pessoas, tornando-se um profissional vers\u00e1til e requisitado em diversas \u00e1reas do mercado de trabalho, desde pequenas empresas at\u00e9 grandes corpora\u00e7\u00f5es.<\/p>\n","protected":false},"featured_media":1400,"comment_status":"open","ping_status":"closed","template":"","meta":{"site-sidebar-layout":"default","site-content-layout":"","ast-site-content-layout":"default","site-content-style":"default","site-sidebar-style":"default","ast-global-header-display":"","ast-banner-title-visibility":"","ast-main-header-display":"","ast-hfb-above-header-display":"","ast-hfb-below-header-display":"","ast-hfb-mobile-header-display":"","site-post-title":"","ast-breadcrumbs-content":"","ast-featured-img":"","footer-sml-layout":"","theme-transparent-header-meta":"default","adv-header-id-meta":"","stick-header-meta":"","header-above-stick-meta":"","header-main-stick-meta":"","header-below-stick-meta":"","astra-migrate-meta-layouts":"set","ast-page-background-enabled":"default","ast-page-background-meta":{"desktop":{"background-color":"var(--ast-global-color-5)","background-image":"","background-repeat":"repeat","background-position":"center center","background-size":"auto","background-attachment":"scroll","background-type":"","background-media":"","overlay-type":"","overlay-color":"","overlay-opacity":"","overlay-gradient":""},"tablet":{"background-color":"","background-image":"","background-repeat":"repeat","background-position":"center center","background-size":"auto","background-attachment":"scroll","background-type":"","background-media":"","overlay-type":"","overlay-color":"","overlay-opacity":"","overlay-gradient":""},"mobile":{"background-color":"","background-image":"","background-repeat":"repeat","background-position":"center center","background-size":"auto","background-attachment":"scroll","background-type":"","background-media":"","overlay-type":"","overlay-color":"","overlay-opacity":"","overlay-gradient":""}},"ast-content-background-meta":{"desktop":{"background-color":"var(--ast-global-color-4)","background-image":"","background-repeat":"repeat","background-position":"center center","background-size":"auto","background-attachment":"scroll","background-type":"","background-media":"","overlay-type":"","overlay-color":"","overlay-opacity":"","overlay-gradient":""},"tablet":{"background-color":"var(--ast-global-color-4)","background-image":"","background-repeat":"repeat","background-position":"center center","background-size":"auto","background-attachment":"scroll","background-type":"","background-media":"","overlay-type":"","overlay-color":"","overlay-opacity":"","overlay-gradient":""},"mobile":{"background-color":"var(--ast-global-color-4)","background-image":"","background-repeat":"repeat","background-position":"center center","background-size":"auto","background-attachment":"scroll","background-type":"","background-media":"","overlay-type":"","overlay-color":"","overlay-opacity":"","overlay-gradient":""}},"_joinchat":[]},"product_brand":[],"product_cat":[15],"product_tag":[],"class_list":{"0":"post-1038","1":"product","2":"type-product","3":"status-publish","4":"has-post-thumbnail","6":"product_cat-tecnicos","7":"desktop-align-left","8":"tablet-align-left","9":"mobile-align-left","11":"first","12":"instock","13":"downloadable","14":"virtual","15":"product-type-simple"},"_links":{"self":[{"href":"https:\/\/cefeeduca.com.br\/cursos\/wp-json\/wp\/v2\/product\/1038","targetHints":{"allow":["GET"]}}],"collection":[{"href":"https:\/\/cefeeduca.com.br\/cursos\/wp-json\/wp\/v2\/product"}],"about":[{"href":"https:\/\/cefeeduca.com.br\/cursos\/wp-json\/wp\/v2\/types\/product"}],"replies":[{"embeddable":true,"href":"https:\/\/cefeeduca.com.br\/cursos\/wp-json\/wp\/v2\/comments?post=1038"}],"wp:featuredmedia":[{"embeddable":true,"href":"https:\/\/cefeeduca.com.br\/cursos\/wp-json\/wp\/v2\/media\/1400"}],"wp:attachment":[{"href":"https:\/\/cefeeduca.com.br\/cursos\/wp-json\/wp\/v2\/media?parent=1038"}],"wp:term":[{"taxonomy":"product_brand","embeddable":true,"href":"https:\/\/cefeeduca.com.br\/cursos\/wp-json\/wp\/v2\/product_brand?post=1038"},{"taxonomy":"product_cat","embeddable":true,"href":"https:\/\/cefeeduca.com.br\/cursos\/wp-json\/wp\/v2\/product_cat?post=1038"},{"taxonomy":"product_tag","embeddable":true,"href":"https:\/\/cefeeduca.com.br\/cursos\/wp-json\/wp\/v2\/product_tag?post=1038"}],"curies":[{"name":"wp","href":"https:\/\/api.w.org\/{rel}","templated":true}]}}