{"id":1408,"date":"2025-05-16T15:47:49","date_gmt":"2025-05-16T15:47:49","guid":{"rendered":"https:\/\/cefeeduca.com.br\/cursos\/?post_type=product&#038;p=1408"},"modified":"2025-09-17T19:37:10","modified_gmt":"2025-09-17T19:37:10","slug":"tecnico-em-tecnico-em-logistica","status":"publish","type":"product","link":"https:\/\/cefeeduca.com.br\/cursos\/curso\/tecnico-em-tecnico-em-logistica\/","title":{"rendered":"T\u00e9cnico em Log\u00edstica"},"content":{"rendered":"<table>\n<tbody>\n<tr>\n<td colspan=\"5\" width=\"667\"><strong>\u00a0<\/strong><\/td>\n<\/tr>\n<tr>\n<td width=\"150\"><strong>MODULOS<\/strong><\/td>\n<td width=\"314\"><strong>DISCIPLINA<\/strong><\/td>\n<td width=\"61\"><strong>CH**<\/strong><\/td>\n<td width=\"71\"><strong>CH PRES*<\/strong><\/td>\n<td width=\"70\"><strong>CH TOTAL<\/strong><\/td>\n<\/tr>\n<tr>\n<td rowspan=\"5\" width=\"150\"><strong>\u00a0<\/strong><\/p>\n<p><strong>\u00a0<\/strong><\/p>\n<p><strong>\u00a0<\/strong><\/p>\n<p><strong>M\u00d3DULO I<\/strong><\/p>\n<p><strong>Fundamenta\u00e7\u00e3o<\/strong><\/td>\n<td width=\"314\">Log\u00edstica Pessoal<\/td>\n<td width=\"61\">63<\/td>\n<td width=\"71\">10<\/td>\n<td rowspan=\"4\" width=\"70\"><\/td>\n<\/tr>\n<tr>\n<td width=\"314\">Gest\u00e3o de Qualidade e Gerenciamento De Rotina<\/td>\n<td width=\"61\">63<\/td>\n<td width=\"71\">10<\/td>\n<\/tr>\n<tr>\n<td width=\"314\">Gest\u00e3o de Neg\u00f3cios e An\u00e1lises Financeiras<\/td>\n<td width=\"61\">63<\/td>\n<td width=\"71\">10<\/td>\n<\/tr>\n<tr>\n<td width=\"314\">An\u00e1lise de Custos<\/td>\n<td width=\"61\">63<\/td>\n<td width=\"71\">10<\/td>\n<\/tr>\n<tr>\n<td width=\"314\"><strong>TOTAL CARGA HOR\u00c1RIA M\u00d3DULO I<\/strong><\/td>\n<td width=\"61\"><strong>252<\/strong><\/td>\n<td width=\"71\"><strong>40<\/strong><\/td>\n<td width=\"70\"><strong>292<\/strong><\/td>\n<\/tr>\n<tr>\n<td rowspan=\"5\" width=\"150\"><strong>\u00a0<\/strong><\/p>\n<p><strong>\u00a0<\/strong><\/p>\n<p><strong>\u00a0<\/strong><\/p>\n<p><strong>M\u00d3DULO II<\/strong><\/p>\n<p><strong>T\u00e9cnico<\/strong><\/td>\n<td width=\"314\">Log\u00edstica Organizacional<\/td>\n<td width=\"61\">63<\/td>\n<td width=\"71\">10<\/td>\n<td rowspan=\"4\" width=\"70\"><\/td>\n<\/tr>\n<tr>\n<td width=\"314\">Gest\u00e3o de Log\u00edstica e Cadeia de Suprimentos<\/td>\n<td width=\"61\">63<\/td>\n<td width=\"71\">10<\/td>\n<\/tr>\n<tr>\n<td width=\"314\">Gest\u00e3o de Custos e Forma\u00e7\u00e3o de Pre\u00e7os<\/td>\n<td width=\"61\">63<\/td>\n<td width=\"71\">10<\/td>\n<\/tr>\n<tr>\n<td width=\"314\">Legisla\u00e7\u00e3o e Normatiza\u00e7\u00e3o de Tr\u00e2nsito e Transporte<\/td>\n<td width=\"61\">63<\/td>\n<td width=\"71\">10<\/td>\n<\/tr>\n<tr>\n<td width=\"314\"><strong>TOTAL CARGA HOR\u00c1RIA M\u00d3DULO II<\/strong><\/td>\n<td width=\"61\"><strong>252<\/strong><\/td>\n<td width=\"71\"><strong>40<\/strong><\/td>\n<td width=\"70\"><strong>292<\/strong><\/td>\n<\/tr>\n<tr>\n<td rowspan=\"5\" width=\"150\"><strong>\u00a0<\/strong><\/p>\n<p><strong>\u00a0<\/strong><\/p>\n<p><strong>\u00a0<\/strong><\/p>\n<p><strong>M\u00d3DULO III<\/strong><\/p>\n<p><strong>Complementar<\/strong><\/td>\n<td width=\"314\">Log\u00edstica Avan\u00e7ada<\/td>\n<td width=\"61\">63<\/td>\n<td width=\"71\">10<\/td>\n<td rowspan=\"4\" width=\"70\"><\/td>\n<\/tr>\n<tr>\n<td width=\"314\">Gest\u00e3o de Neg\u00f3cios Internacionais<\/td>\n<td width=\"61\">63<\/td>\n<td width=\"71\">10<\/td>\n<\/tr>\n<tr>\n<td width=\"314\">Com\u00e9rcio Exterior, Compras e Fiscaliza\u00e7\u00e3o<\/td>\n<td width=\"61\">63<\/td>\n<td width=\"71\">10<\/td>\n<\/tr>\n<tr>\n<td width=\"314\">Log\u00edstica de Materiais<\/td>\n<td width=\"61\">63<\/td>\n<td width=\"71\">10<\/td>\n<\/tr>\n<tr>\n<td width=\"314\"><strong>TOTAL CARGA HOR\u00c1RIA M\u00d3DULO III<\/strong><\/td>\n<td width=\"61\"><strong>252<\/strong><\/td>\n<td width=\"71\"><strong>40<\/strong><\/td>\n<td width=\"70\"><strong>292<\/strong><\/td>\n<\/tr>\n<tr>\n<td width=\"150\"><strong>M\u00d3DULO IV<\/strong><\/td>\n<td width=\"314\"><strong>ESTUDO DIRIGIDO<\/strong><\/td>\n<td width=\"61\"><strong>10<\/strong><\/td>\n<td width=\"71\"><strong>40<\/strong><\/td>\n<td width=\"70\"><strong>50<\/strong><\/td>\n<\/tr>\n<tr>\n<td colspan=\"2\" width=\"464\"><strong>CARGA HORARIA TOTAL DO CURSO T\u00c9CNICO EM LOG\u00cdSTICA<\/strong><\/td>\n<td width=\"61\"><strong>766<\/strong><\/td>\n<td width=\"71\"><strong>160<\/strong><\/td>\n<td width=\"70\"><strong>926<\/strong><\/td>\n<\/tr>\n<\/tbody>\n<\/table>\n","protected":false},"excerpt":{"rendered":"<p>Domine a cadeia de suprimentos e seja o diferencial no mercado. O curso T\u00e9cnico em Log\u00edstica prepara voc\u00ea para gerenciar o fluxo de materiais, informa\u00e7\u00f5es e servi\u00e7os, desde a produ\u00e7\u00e3o at\u00e9 o consumidor final. Adquira conhecimentos em controle de estoque, transporte, distribui\u00e7\u00e3o e tecnologias log\u00edsticas para otimizar opera\u00e7\u00f5es e reduzir custos em empresas de todos os setores.<\/p>\n","protected":false},"featured_media":1409,"comment_status":"open","ping_status":"closed","template":"","meta":{"site-sidebar-layout":"default","site-content-layout":"","ast-site-content-layout":"default","site-content-style":"default","site-sidebar-style":"default","ast-global-header-display":"","ast-banner-title-visibility":"","ast-main-header-display":"","ast-hfb-above-header-display":"","ast-hfb-below-header-display":"","ast-hfb-mobile-header-display":"","site-post-title":"","ast-breadcrumbs-content":"","ast-featured-img":"","footer-sml-layout":"","theme-transparent-header-meta":"default","adv-header-id-meta":"","stick-header-meta":"","header-above-stick-meta":"","header-main-stick-meta":"","header-below-stick-meta":"","astra-migrate-meta-layouts":"set","ast-page-background-enabled":"default","ast-page-background-meta":{"desktop":{"background-color":"var(--ast-global-color-5)","background-image":"","background-repeat":"repeat","background-position":"center center","background-size":"auto","background-attachment":"scroll","background-type":"","background-media":"","overlay-type":"","overlay-color":"","overlay-opacity":"","overlay-gradient":""},"tablet":{"background-color":"","background-image":"","background-repeat":"repeat","background-position":"center center","background-size":"auto","background-attachment":"scroll","background-type":"","background-media":"","overlay-type":"","overlay-color":"","overlay-opacity":"","overlay-gradient":""},"mobile":{"background-color":"","background-image":"","background-repeat":"repeat","background-position":"center center","background-size":"auto","background-attachment":"scroll","background-type":"","background-media":"","overlay-type":"","overlay-color":"","overlay-opacity":"","overlay-gradient":""}},"ast-content-background-meta":{"desktop":{"background-color":"var(--ast-global-color-4)","background-image":"","background-repeat":"repeat","background-position":"center center","background-size":"auto","background-attachment":"scroll","background-type":"","background-media":"","overlay-type":"","overlay-color":"","overlay-opacity":"","overlay-gradient":""},"tablet":{"background-color":"var(--ast-global-color-4)","background-image":"","background-repeat":"repeat","background-position":"center center","background-size":"auto","background-attachment":"scroll","background-type":"","background-media":"","overlay-type":"","overlay-color":"","overlay-opacity":"","overlay-gradient":""},"mobile":{"background-color":"var(--ast-global-color-4)","background-image":"","background-repeat":"repeat","background-position":"center center","background-size":"auto","background-attachment":"scroll","background-type":"","background-media":"","overlay-type":"","overlay-color":"","overlay-opacity":"","overlay-gradient":""}},"_joinchat":[]},"product_brand":[],"product_cat":[15],"product_tag":[],"class_list":{"0":"post-1408","1":"product","2":"type-product","3":"status-publish","4":"has-post-thumbnail","6":"product_cat-tecnicos","7":"desktop-align-left","8":"tablet-align-left","9":"mobile-align-left","11":"first","12":"instock","13":"downloadable","14":"virtual","15":"product-type-simple"},"_links":{"self":[{"href":"https:\/\/cefeeduca.com.br\/cursos\/wp-json\/wp\/v2\/product\/1408","targetHints":{"allow":["GET"]}}],"collection":[{"href":"https:\/\/cefeeduca.com.br\/cursos\/wp-json\/wp\/v2\/product"}],"about":[{"href":"https:\/\/cefeeduca.com.br\/cursos\/wp-json\/wp\/v2\/types\/product"}],"replies":[{"embeddable":true,"href":"https:\/\/cefeeduca.com.br\/cursos\/wp-json\/wp\/v2\/comments?post=1408"}],"wp:featuredmedia":[{"embeddable":true,"href":"https:\/\/cefeeduca.com.br\/cursos\/wp-json\/wp\/v2\/media\/1409"}],"wp:attachment":[{"href":"https:\/\/cefeeduca.com.br\/cursos\/wp-json\/wp\/v2\/media?parent=1408"}],"wp:term":[{"taxonomy":"product_brand","embeddable":true,"href":"https:\/\/cefeeduca.com.br\/cursos\/wp-json\/wp\/v2\/product_brand?post=1408"},{"taxonomy":"product_cat","embeddable":true,"href":"https:\/\/cefeeduca.com.br\/cursos\/wp-json\/wp\/v2\/product_cat?post=1408"},{"taxonomy":"product_tag","embeddable":true,"href":"https:\/\/cefeeduca.com.br\/cursos\/wp-json\/wp\/v2\/product_tag?post=1408"}],"curies":[{"name":"wp","href":"https:\/\/api.w.org\/{rel}","templated":true}]}}