{"id":1422,"date":"2025-05-16T16:04:42","date_gmt":"2025-05-16T16:04:42","guid":{"rendered":"https:\/\/cefeeduca.com.br\/cursos\/?post_type=product&#038;p=1422"},"modified":"2025-09-17T19:52:32","modified_gmt":"2025-09-17T19:52:32","slug":"eja-ensino-medio","status":"publish","type":"product","link":"https:\/\/cefeeduca.com.br\/cursos\/curso\/eja-ensino-medio\/","title":{"rendered":"EJA &#8211; Ensino M\u00e9dio"},"content":{"rendered":"<h4><b>EJA &#8211; Ensino M\u00e9dio<\/b><\/h4>\n<div class=\"horizontal-scroll-wrapper\">\n<div class=\"table-block-component\">\n<div class=\"table-block has-export-button\">\n<div class=\"table-content not-end-of-paragraph\">\n<table>\n<thead>\n<tr>\n<td>Categoria<\/td>\n<td>Detalhes<\/td>\n<\/tr>\n<\/thead>\n<tbody>\n<tr>\n<td><b>Pr\u00e9-requisito Obrigat\u00f3rio<\/b><\/td>\n<td>Completar 18 anos no m\u00eas da matr\u00edcula.<\/td>\n<\/tr>\n<tr>\n<td><b>Dura\u00e7\u00e3o para Conclus\u00e3o<\/b><\/td>\n<td><b>Total:<\/b> 9 meses. &#8211; 1\u00ba e 2\u00ba ano (reclassifica\u00e7\u00e3o): 2 meses para cada s\u00e9rie. &#8211; 3\u00ba ano (fase regular): 5 meses.<\/td>\n<\/tr>\n<tr>\n<td><b>Disciplinas Isoladas<\/b><\/td>\n<td>Alunos que cursaram em outras institui\u00e7\u00f5es podem solicitar o aproveitamento de disciplinas.<\/td>\n<\/tr>\n<tr>\n<td><b>An\u00e1lise de Hist\u00f3ricos do ENEM<\/b><\/td>\n<td>Entre 2009 e 2016, era permitido emitir certificado do Ensino M\u00e9dio para candidatos que tivessem 18 anos na data da prova e atingissem 450 pontos nas \u00e1reas de: Matem\u00e1tica, Ci\u00eancias da Natureza, Ci\u00eancias Humanas e Linguagens e C\u00f3digos. <b>Observa\u00e7\u00e3o:<\/b> Na prova de Linguagens, o candidato tamb\u00e9m precisava de 500 pontos na reda\u00e7\u00e3o para ser aprovado na \u00e1rea.<\/td>\n<\/tr>\n<\/tbody>\n<\/table>\n<\/div>\n<\/div>\n<\/div>\n<\/div>\n","protected":false},"excerpt":{"rendered":"<p>Conclua o Ensino M\u00e9dio com o EJA e prepare-se para novas oportunidades profissionais e acad\u00eamicas. Nosso curso foi pensado para quem busca flexibilidade, oferecendo o conhecimento necess\u00e1rio para se destacar no mercado de trabalho ou para ingressar no ensino superior. Com uma estrutura de aprendizado pr\u00e1tica, voc\u00ea avan\u00e7a no seu pr\u00f3prio ritmo e conquista seu diploma.<\/p>\n","protected":false},"featured_media":1423,"comment_status":"open","ping_status":"closed","template":"","meta":{"site-sidebar-layout":"default","site-content-layout":"","ast-site-content-layout":"default","site-content-style":"default","site-sidebar-style":"default","ast-global-header-display":"","ast-banner-title-visibility":"","ast-main-header-display":"","ast-hfb-above-header-display":"","ast-hfb-below-header-display":"","ast-hfb-mobile-header-display":"","site-post-title":"","ast-breadcrumbs-content":"","ast-featured-img":"","footer-sml-layout":"","theme-transparent-header-meta":"default","adv-header-id-meta":"","stick-header-meta":"","header-above-stick-meta":"","header-main-stick-meta":"","header-below-stick-meta":"","astra-migrate-meta-layouts":"set","ast-page-background-enabled":"default","ast-page-background-meta":{"desktop":{"background-color":"var(--ast-global-color-5)","background-image":"","background-repeat":"repeat","background-position":"center center","background-size":"auto","background-attachment":"scroll","background-type":"","background-media":"","overlay-type":"","overlay-color":"","overlay-opacity":"","overlay-gradient":""},"tablet":{"background-color":"","background-image":"","background-repeat":"repeat","background-position":"center center","background-size":"auto","background-attachment":"scroll","background-type":"","background-media":"","overlay-type":"","overlay-color":"","overlay-opacity":"","overlay-gradient":""},"mobile":{"background-color":"","background-image":"","background-repeat":"repeat","background-position":"center center","background-size":"auto","background-attachment":"scroll","background-type":"","background-media":"","overlay-type":"","overlay-color":"","overlay-opacity":"","overlay-gradient":""}},"ast-content-background-meta":{"desktop":{"background-color":"var(--ast-global-color-4)","background-image":"","background-repeat":"repeat","background-position":"center center","background-size":"auto","background-attachment":"scroll","background-type":"","background-media":"","overlay-type":"","overlay-color":"","overlay-opacity":"","overlay-gradient":""},"tablet":{"background-color":"var(--ast-global-color-4)","background-image":"","background-repeat":"repeat","background-position":"center center","background-size":"auto","background-attachment":"scroll","background-type":"","background-media":"","overlay-type":"","overlay-color":"","overlay-opacity":"","overlay-gradient":""},"mobile":{"background-color":"var(--ast-global-color-4)","background-image":"","background-repeat":"repeat","background-position":"center center","background-size":"auto","background-attachment":"scroll","background-type":"","background-media":"","overlay-type":"","overlay-color":"","overlay-opacity":"","overlay-gradient":""}},"_joinchat":[]},"product_brand":[],"product_cat":[22],"product_tag":[],"class_list":{"0":"post-1422","1":"product","2":"type-product","3":"status-publish","4":"has-post-thumbnail","6":"product_cat-eja","7":"desktop-align-left","8":"tablet-align-left","9":"mobile-align-left","11":"first","12":"instock","13":"downloadable","14":"virtual","15":"product-type-simple"},"_links":{"self":[{"href":"https:\/\/cefeeduca.com.br\/cursos\/wp-json\/wp\/v2\/product\/1422","targetHints":{"allow":["GET"]}}],"collection":[{"href":"https:\/\/cefeeduca.com.br\/cursos\/wp-json\/wp\/v2\/product"}],"about":[{"href":"https:\/\/cefeeduca.com.br\/cursos\/wp-json\/wp\/v2\/types\/product"}],"replies":[{"embeddable":true,"href":"https:\/\/cefeeduca.com.br\/cursos\/wp-json\/wp\/v2\/comments?post=1422"}],"wp:featuredmedia":[{"embeddable":true,"href":"https:\/\/cefeeduca.com.br\/cursos\/wp-json\/wp\/v2\/media\/1423"}],"wp:attachment":[{"href":"https:\/\/cefeeduca.com.br\/cursos\/wp-json\/wp\/v2\/media?parent=1422"}],"wp:term":[{"taxonomy":"product_brand","embeddable":true,"href":"https:\/\/cefeeduca.com.br\/cursos\/wp-json\/wp\/v2\/product_brand?post=1422"},{"taxonomy":"product_cat","embeddable":true,"href":"https:\/\/cefeeduca.com.br\/cursos\/wp-json\/wp\/v2\/product_cat?post=1422"},{"taxonomy":"product_tag","embeddable":true,"href":"https:\/\/cefeeduca.com.br\/cursos\/wp-json\/wp\/v2\/product_tag?post=1422"}],"curies":[{"name":"wp","href":"https:\/\/api.w.org\/{rel}","templated":true}]}}